hat is the units digit of p(-22)?
1
Let i(d) = 2*d + 1. Let n(m) = -m**2 + m - 14. Let b(u) = 6*i(u) + n(u). Let h be (-3 + -1)*14/(-8). What is the tens digit of b(h)?
3
Suppose -3*d = 4*s + 233, -2*s - 3*s - 380 = 5*d. Let c = 342 + -226. Let t = c + d. What is the tens digit of t?
4
Let v(w) = 112*w**2 + 4*w - 70. What is the units digit of v(-7)?
0
Suppose -q + 15*v + 44 = 20*v, -176 = -5*q - 3*v. Let w = -30 + 16. Let d = q + w. What is the units digit of d?
0
Let u(g) = -g**3 - 5*g**2 + 6*g + 5. Let w be -2*3/(-2)*-2. Let l be u(w). Suppose -3*j - l*h = -73, 0*j + 29 = j - 3*h. What is the units digit of j?
6
Let c = 13 - -12. Let s be ((-8)/6)/(((-156)/(-90))/(-13)). What is the units digit of c/s*(-56)/(-4)?
5
Let u = -27 - -11. Let w = -13 - u. What is the units digit of (w - 5)*(-10)/4?
5
Suppose -5*q = -8*q - 174. Let m = q + 36. What is the units digit of m/77 - (-401)/7?
7
Suppose -27*u + 22*u = -5*i + 15460, -5*i + 4*u + 15456 = 0. What is the hundreds digit of i?
0
Let r(h) = h**2 + 5*h + 2. Let p be r(0). Suppose 5*m - 40 - 257 = p*a, -4*a = -16. What is the units digit of m?
1
Suppose 0*x = -5*x + 100. Let v be (18/(-15))/(6/x). Let o = 10 + v. What is the units digit of o?
6
Let g(h) be the first derivative of 5*h**3 - 5*h**2/2 - 5*h + 1. What is the tens digit of g(-2)?
6
Suppose 1663 = 3*k - 3*g - 182, -g + 2 = 0. What is the hundreds digit of k?
6
Let o be (3 + -5 - -7)/1. Suppose 0 = w - 2*v - 104, o*v = w - 0*v - 92. What is the tens digit of w?
1
Let y(u) = -3 + 2 - u**3 - 4*u**2 + 0*u - 5*u. Let d = 7 - 11. What is the units digit of y(d)?
9
Suppose 2*l + 3 = 2*g + 1, 3 = -g + 2*l. Let v = 96 + -79. Suppose -2*o - g = -v. What is the units digit of o?
6
Let m = -619 + 1206. Suppose 0 = -5*a - 0*i - 5*i + 965, 3*a = 5*i + m. What is the hundreds digit of a?
1
Let p(b) = 57*b - 154. What is the tens digit of p(4)?
7
Let g(u) = -u**2 - 12*u - 23. Let f be g(-12). Let s = -21 - f. Suppose 3*a = h + 97 - 40, -s*h = -4*a + 78. What is the units digit of a?
8
Suppose 0 = -5*o + 345 + 330. Suppose o + 225 = 5*y. What is the tens digit of y?
7
Suppose -4*p = -3*d - 6*p + 4471, 1489 = d + 2*p. What is the units digit of d?
1
Suppose -4*u - 12 = 0, g = 4*u - 8*u + 323. What is the tens digit of g?
3
Suppose -t + 0*t - a + 147 = 0, -t = -5*a - 117. What is the units digit of t?
2
Let h = -16 + 24. Suppose -5*u = 4*b - 16 - 27, -2*u = -3*b - h. Suppose -2*n = -u*n + 105. What is the units digit of n?
1
Let n(c) = -c**2 + 7*c - 10. Let r be n(6). What is the tens digit of 6 + 71 - (r + 0)?
8
Suppose -16*f - 3291 = -26363. What is the tens digit of f?
4
Suppose -y + 1147 = 5*i - 4*y, -2*i + y = -458. Let n = -97 + i. What is the hundreds digit of n?
1
Let z(i) = 20*i - 5. Let b be ((-4)/8)/((-2)/(-20)). Let t be z(b). Let s = -45 - t. What is the tens digit of s?
6
Let s = 1346 - 896. What is the tens digit of s?
5
Suppose 3*y - 2*y = 2*w + 4, -y + 3*w + 5 = 0. Let m(v) = 2*v**y + 0*v - 2*v + 0*v**2 + 4*v**2 - 2. What is the units digit of m(-2)?
6
Let m = 1255 - 291. What is the units digit of m?
4
Let f(p) be the first derivative of -p**4/4 - p**3/3 + 3*p**2/2 + 4*p + 3. Let i be f(-4). Suppose 4*s = i + 24. What is the tens digit of s?
1
Let z be 0*-2*4/16. Let k(n) = 7*n + z - 6*n - 3*n**3 + 4 + n**3 - n**2. What is the tens digit of k(-3)?
4
Let v = 25 - 10. Let p = 18 - v. Suppose 2*j - 120 = -p*j. What is the tens digit of j?
2
Suppose 32*n - 27648 - 33408 = 0. What is the tens digit of n?
0
Let h = -101 - -151. Suppose -6 = 3*r, -2*z + h = 3*r - 52. Suppose -c - 3*n - 2*n = -45, -2*n - z = -2*c. What is the units digit of c?
0
Let s = 15 + -11. Let l be (4/10)/((-2)/(-10)). Suppose 2*d - 84 = -l*d + s*a, 2*d + a = 36. What is the units digit of d?
9
What is the tens digit of (16/(-56)*7)/((-2)/2711)?
1
Let o be 14/6 + 3/(-9). Suppose o*v - 144 = -2*v. Suppose v = 6*u - 2*u. What is the units digit of u?
9
Suppose 7*n = -115 - 74. Let j be -57 + 9/(n/(-12)). What is the tens digit of j*(2 - (2 - -1))?
5
Let w(h) = -8*h**2 + 8*h - 7. Let b be w(-4). Let p = -82 - b. What is the units digit of p?
5
Suppose -330 = -4*r - r. Let w = 130 - r. What is the units digit of w?
4
Let s(h) = 5*h**2 + 28*h - 14. What is the hundreds digit of s(-13)?
4
Let g(y) = -5*y + 9 - 5*y + y**2 + 3*y + 0*y**2. What is the hundreds digit of g(-9)?
1
Suppose 12*u + 15*u - 38826 = 0. What is the units digit of u?
8
Suppose 13*s - 15114 - 11601 = 0. What is the hundreds digit of s?
0
Let h(z) = 3*z**2 + 19*z - 25. Let b be h(-15). Suppose -b = -5*t + 3*n, -t = 2*t + 2*n - 238. What is the units digit of t?
6
Suppose 0 = -5*h - w - 114, 0*h - 30 = h + 2*w. What is the tens digit of (5650/22)/1 - 4/h?
5
Suppose 4*y - 10*y = 162. Let j = -22 - y. Suppose 0 = -j*k + 4*t + 95, -8*k + 117 = -4*k + 5*t. What is the units digit of k?
3
Suppose 3*s = -x + 16, 2*x - 4 = 3*s - 2*s. Suppose 0 = k + k - 4*c - 48, 3*k = -x*c + 92. What is the tens digit of k?
2
Let u(j) = j**3 - 7*j**2 - 8*j + 4. Let z be u(8). What is the units digit of 1/((0 - z)/(-136))?
4
Suppose -r - r + 4 = 0. Suppose j + 4*o = 2*j - 6, 0 = r*j - 2*o - 30. What is the tens digit of j?
1
Suppose t - 7 = -9. Let g = 9 + -3. What is the units digit of g*3*t/(-6)?
6
Let s(g) = -9 + 3*g**2 + 10 + 7*g - 2*g**2 + 14. Let h be s(-5). Suppose -h*b + 2 = 12, 3*o - 191 = -5*b. What is the units digit of o?
7
What is the thousands digit of 2976/144*(1701/6 - 0)?
5
Let l = 67 + -70. What is the tens digit of (-2 - l)*-1 - (-42 + -13)?
5
Let p(i) be the third derivative of i**5/12 + i**4/24 - 4*i**3/3 + 2*i**2 - 37. Let v = 7 + -11. What is the tens digit of p(v)?
6
Let o be (-1 + 3)/(((-20)/(-5))/8). Suppose -377 = -o*i + 107. What is the hundreds digit of i?
1
Let z be (-36)/(-24)*(-4)/(-3). Let x = z + 2. Suppose x*a - 200 = 2*w - 6*w, 0 = 3*w + 6. What is the units digit of a?
2
Let l be (-2)/(-11) - 2/11. Suppose -2*u - 2*x + 160 = 0, l = -8*u + 4*u + 2*x + 350. What is the units digit of u?
5
Suppose 0 = -2*w + 6, -3*p + 3*w + 364 = -2*p. Let d = p - 258. What is the hundreds digit of d?
1
Suppose -2*c - 2*x = 3*c - 3, 0 = 5*c + 5*x. Let n be -14*(4/(-8))/c. Let p = n - -2. What is the units digit of p?
9
Suppose 12 = 26*h - 22*h. Suppose 0*c + h*c - 33 = -4*p, 0 = 3*p + 9. What is the units digit of c?
5
Let f = -115 + 179. What is the units digit of (-1)/(-4) + 1264/f?
0
Let j(a) = a - 1. Let g(r) = -4*r - 18 + 11*r - 3. Let x(u) = g(u) - 5*j(u). What is the tens digit of x(13)?
1
What is the hundreds digit of -10*13*(-1 + 4/(-8))?
1
Let r be (-12)/21 + 5/((-70)/(-8)). Suppose r*q + 6*q - 264 = 0. What is the tens digit of q?
4
Let q(j) be the second derivative of j**4/12 - j**3/6 + j**2/2 - 4*j. Let o be q(3). Suppose -2*v + 3 = -o. What is the units digit of v?
5
Let w = 7 + -16. Let s(g) = g**3 + 8*g**2 - 7*g - 2. Let d be s(w). Let f = 22 + d. What is the units digit of f?
2
Suppose 6*w = 2*w + 212. Let l = 207 + -136. Suppose l = 4*n - w. What is the units digit of n?
1
Let p(l) = l**3 - 4*l**2 - 6*l + 3. Let r(j) be the first derivative of j**4/4 - 4*j**3/3 + 3*j**2/2 - 6*j - 4. Let v be r(4). What is the units digit of p(v)?
9
Suppose -q + 4*l + 0*l = 58, 4*q + 232 = 2*l. Let s = 119 + q. Suppose -2*z + 36 = 4*p - 52, -3*p + s = -z. What is the units digit of p?
1
Let l be ((-432)/(-3))/2*(2 - 3). What is the units digit of 2 + (3 - (l - 3))?
0
What is the hundreds digit of 5 + -3 - (-24976)/28?
8
Let i = -38 - -40. Suppose 456 = 2*y + y - 2*x, -i*x = y - 152. What is the hundreds digit of y?
1
Let l be 93/12 + 5/20. Let g = l - -10. Suppose 17*s + 30 = g*s. What is the tens digit of s?
3
Suppose -10*g + 5727 = -7*g. What is the hundreds digit of g?
9
Suppose o - 2*o = 4*w + 16, -5*o - w = -15. Suppose -o*b + 184 = 4*k, -5*k - b - 3*b + 233 = 0. What is the units digit of k?
9
Suppose -438 - 645 = -2*q - g, 5*g - 2705 = -5*q. Suppose 3*i - r - 400 = -5*r, 4*i = -r + q. What is the hundreds digit of i?
1
Let f = -34 + 37. Suppose f*c = -2*d + 13, 5*c = c - 4*d + 12. What is the units digit of c?
7
Suppose -4*j + 0*b - 12 = -4*b, -3*j + 2*b - 4 = 0. Suppose -7*s + j*s = 195. What is the tens digit of (-3)/(-2) + s/(-2)?
2
Let l = 78 - 78. Suppose -4*v - 2*m + 112 = l, v + 0*v - 21 = -4*m. Wh